 + 119839*m - 25. Calculate z(0).
-25
Let s(m) = 663*m + 22539. Calculate s(-34).
-3
Let f(j) = j**3 + 630*j**2 + 41018*j - 9319. Calculate f(-74).
5
Let o(p) = 952*p - 60137. Give o(64).
791
Let h(s) = 19*s**3 + 130*s**2 + 5*s + 182. What is h(-7)?
0
Let m(j) = 8178*j - 662413. Give m(81).
5
Let a(h) = h**3 + h**2 - 993*h - 130. Calculate a(-32).
-98
Let i(a) = -a**3 - 27*a**2 + 2494*a + 58. Give i(38).
970
Let k(g) = 2415*g + 43537. Determine k(-18).
67
Let n(c) = 1138*c + 3388. Calculate n(-3).
-26
Let q(w) = w**3 + 38*w**2 - 1165*w - 36666. What is q(-46)?
-4
Let x(z) = -1039*z + 261. Calculate x(1).
-778
Let a(d) = d**3 - 90*d**2 - 11*d - 4451. Determine a(91).
2829
Let s(c) = -153134*c - 612405. What is s(-4)?
131
Let g(h) = -h**2 + 120676*h - 724040. Determine g(6).
-20
Let b(s) = -2*s**2 - 125*s + 856. Calculate b(7).
-117
Let t(s) = -s**3 + 25*s**2 + 1440*s - 22339. Calculate t(14).
-23
Let r(c) = 5*c**2 + 1906*c + 7663. What is r(-4)?
119
Let w(r) = r**3 - 92*r**2 + 1802*r - 9048. Determine w(8).
-8
Let c(k) = -23605*k - 3918424. Give c(-166).
6
Let v(t) = -t**3 + 34*t**2 - 264*t - 312. Give v(20).
8
Let z(u) = -32*u - 315. Calculate z(-35).
805
Let o(j) = -6474*j - 19432. Calculate o(-3).
-10
Let o(m) = -m**2 - 19604*m - 332981. Determine o(-17).
-2
Let v(a) = 262*a + 2866. What is v(-10)?
246
Let t(a) = -17*a**2 - 1048*a + 175492. Give t(-137).
-5
Let w(p) = 14*p**2 - 90*p + 138. Determine w(4).
2
Let j(d) = -51*d**3 - 7*d**2 + 49*d - 118. Determine j(3).
-1411
Let w(h) = -13631*h - 13632. Determine w(-1).
-1
Let r(o) = 3*o**3 - 137*o**2 - 346*o - 58. Calculate r(48).
-538
Let z(j) = -3108*j + 3387733. Determine z(1090).
13
Let l(v) = 7395*v + 547233. What is l(-74)?
3
Let l(f) = -2*f**3 - 50*f**2 - 27*f + 467. What is l(-24)?
-37
Let n(p) = -p**3 - 89*p**2 - 1510*p + 119. Give n(-23).
-65
Let v(n) = -56706*n + 340258. Determine v(6).
22
Let r(z) = -2*z**3 + 72*z**2 - 6417*z + 213558. Calculate r(34).
4
Let y(z) = -3*z**3 + 165*z**2 - z + 53. Determine y(55).
-2
Let r(o) = 420*o**2 + 20509*o - 3482. What is r(-49)?
-3
Let u(r) = 1847*r - 289975. What is u(157)?
4
Let i(n) = 10*n**2 + 5963*n + 35772. What is i(-6)?
354
Let z(t) = t**3 + 23*t**2 - 55*t - 75. What is z(-1)?
2
Let j(r) = 21*r**2 + 6777*r - 29471. What is j(-327)?
-41
Let p(r) = 4*r**3 - 1390*r**2 + 70353*r + 859. Give p(286).
1
Let d(y) = 3256*y + 58231. Determine d(-18).
-377
Let n(m) = -2*m**3 - 444*m**2 - 223*m - 49512. What is n(-222)?
-6
Let j(q) = 8*q**3 - 16*q**2 - 84*q + 284. Determine j(4).
204
Let s(d) = -73205*d + 39969934. Determine s(546).
4
Let p(g) = -g**3 - 100*g**2 + 955*g - 3773. Determine p(-109).
-939
Let o(l) = -307*l - 984. Give o(-4).
244
Let b(p) = -7*p**2 - 1651*p + 20808. Determine b(12).
-12
Let z(k) = -2*k**3 + 52*k**2 - 180*k + 334. Calculate z(22).
246
Let j(w) = -34328*w + 549231. What is j(16)?
-17
Let q(p) = -48*p**2 - 496*p - 11. What is q(-10)?
149
Let r(y) = 1041*y - 1347. Calculate r(0).
-1347
Let u(r) = 3*r**2 + 48*r - 150. Determine u(-19).
21
Let p(m) = m**3 - 32*m**2 + 44*m + 2186. Give p(28).
282
Let u(w) = -w**2 + 4803*w - 218834. Give u(46).
-12
Let n(b) = -471*b + 44546. Calculate n(95).
-199
Let h(g) = -2286*g + 66469. Give h(29).
175
Let z(h) = -1547*h - 51118. What is z(-33)?
-67
Let u(k) = 2*k**3 + 342*k**2 - 351*k - 822. Calculate u(-172).
382
Let a(k) = k**2 + 1826*k + 211087. What is a(-124)?
39
Let g(l) = -4160*l + 58222. Give g(14).
-18
Let a(p) = p**2 + 263*p + 5685. What is a(-25)?
-265
Let k(f) = f**3 - 6*f**2 + 111*f + 51. What is k(0)?
51
Let a(h) = -22*h**2 - 1886*h + 97. Determine a(-86).
-419
Let m(c) = 3*c**3 - 16*c**2 + 334*c - 3180. Calculate m(8).
4
Let k(f) = -f**3 + 140*f**2 - 405*f - 650. Give k(137).
172
Let g(y) = -y**3 + 59*y**2 - 219*y + 10625. What is g(58)?
1287
Let i(k) = -k**2 + 440*k + 9746. Give i(-23).
-903
Let k(u) = -u**2 + 331*u - 6100. Give k(20).
120
Let b(s) = -6070*s + 47669. Determine b(8).
-891
Let m(q) = -2*q**3 - 3*q**2 + 80*q - 76. Give m(7).
-349
Let k(b) = 28672*b - 860150. Calculate k(30).
10
Let f(u) = 735*u - 99956. What is f(136)?
4
Let r(j) = -764*j**2 - 14*j + 18. Give r(1).
-760
Let y(j) = -j**2 + 16752*j - 751823. Give y(45).
-8
Let t(d) = d**3 - 35*d**2 - 230*d + 8979. What is t(34)?
3
Let m(k) = k**3 + 172*k**2 + 1602*k - 27177. Determine m(-161).
32
Let j(s) = 8*s**2 + 217*s + 16. Calculate j(-11).
-1403
Let i(r) = -4*r**3 - 19*r**2 + 50*r + 28. Calculate i(-8).
460
Let u(a) = 104*a**3 - 2*a**2 + 324*a - 322. Calculate u(1).
104
Let z(u) = -7*u + 984. Calculate z(153).
-87
Let t(v) = -21365*v + 85387. Give t(4).
-73
Let n(c) = c**2 - 172*c - 306. Give n(180).
1134
Let c(k) = -k**3 + 4*k**2 + 72354*k - 289403. Calculate c(4).
13
Let b(m) = 39*m + 998. Give b(-25).
23
Let d(p) = -3*p**2 - 367*p - 313. Determine d(-121).
171
Let q(u) = -24*u**3 + 786*u**2 + 197*u + 45. Determine q(33).
12
Let x(v) = 88*v**2 - 18655*v - 277. Determine x(212).
-65
Let j(q) = -227600*q - 5462418. Give j(-24).
-18
Let b(j) = -11*j**2 + 92*j + 1170. Give b(-7).
-13
Let y(x) = 119*x**2 + 7587*x + 5687. Determine y(-63).
17
Let n(l) = 628*l - 22502. Determine n(33).
-1778
Let z(h) = 257*h + 2597. Calculate z(-12).
-487
Let h(n) = -2*n**3 - 190*n**2 + 382*n + 268. Determine h(-97).
850
Let r(b) = 214*b**3 + 2*b**2 + 30*b + 22. Determine r(-1).
-220
Let p(u) = 2*u**3 + 229*u**2 + 334*u - 572. Give p(-113).
-7
Let f(z) = z**2 + 274*z + 16860. Give f(-106).
-948
Let b(z) = 4*z**3 + 419*z**2 - 118*z - 1485. What is b(-105)?
-120
Let c(f) = 3*f**2 - 1587*f + 105548. Calculate c(451).
14
Let p(q) = q**2 + 218*q + 1064. Calculate p(0).
1064
Let u(q) = 163*q**2 - 3726*q - 521. Calculate u(23).
8
Let o(p) = -p**3 + 6*p**2 - 237*p + 5568. What is o(15)?
-12
Let u(p) = 101*p**2 - 10213*p + 1247. Determine u(101).
35
Let o(z) = z**3 - 14*z**2 - 451*z + 5119. Give o(11).
-205
Let m(n) = 474*n - 3098. Calculate m(5).
-728
Let k(n) = 2449*n + 129781. Determine k(-53).
-16
Let b(w) = 3625*w - 25396. What is b(7)?
-21
Let n(u) = 2*u**3 - 4*u**2 - 2133*u + 2139. Calculate n(1).
4
Let z(p) = 177*p**2 + 482*p - 15. Determine z(-4).
889
Let z(n) = -507*n**3 - 8*n**2 - 126*n + 135. Determine z(1).
-506
Let o(f) = 1821*f**3 - 2*f**2 + 17*f + 18. What is o(-1)?
-1822
Let c(q) = -14*q**3 + 1681*q**2 - 131*q + 196. What is c(120)?
-1124
Let a(v) = 72*v**2 - 12813*v - 553. Give a(178).
-19
Let q(v) = 87*v - 1074. What is q(4)?
-726
Let r(s) = 2*s**3 - 85*s**2 + 234*s - 1360. Calculate r(40).
0
Let t(n) = 30*n**2 + 180*n - 658. Give t(3).
152
Let c(y) = -158*y**2 - 5763*y + 3072. Determine c(-37).
1
Let x(i) = 56*i**2 + 3758*i + 101. Give x(-67).
-301
Let c(h) = -4864914*h - 19459652. Determine c(-4).
4
Let s(q) = -2009*q - 14061. What is s(-7)?
2
Let o(v) = -4132*v + 528832. Give o(128).
-64
Let v(n) = -2*n**3 + 215*n**2 - 533*n + 397. Calculate v(105).
-443
Let i(s) = 56239*s - 5173989. Give i(92).
-1
Let a(t) = -3*t**2 + 58*t + 1340. Give a(25).
915
Let a(w) = 16*w**2 - 3004*w + 73659. Give a(29).
-1
Let p(c) = -3313*c - 1060175. Give p(-320).
-15
Let p(l) = 2253473*l - 9013879. What is p(4)?
13
Let b(n) = -803450*n + 6427594. Give b(8).
-6
Let v(k) = 502*k - 32781. Determine v(69).
1857
Let z(s) = s**3 + 53*s**2 + 1062*s + 60225. Calculate z(-54).
-39
Let w(d) = -d**2 + 643*d - 38094. Give w(66).
-12
Let m(f) = -4433*f**2 - 26601*f - 24. Give m(-6).
-6
Let s(w) = w**3 + 19*w**2 - 79*w + 208. Determine s(-23).
-91
Let l(t) = -7263*t**2 + 7157*t + 41. Determine l(1).
-65
Let s(y) = -y**2 + 776690*y + 37283424. What is s(-48)?
0
Let g(j) = 217926*j. What is g(0)?
0
Let b(p) = 3*p**3 + 434*p**2 - 144*p + 133. Calculate b(-145).
-12
Let b(d) = -589*d**2 - 7343*d - 18373. Calculate b(-9).
5
Let n(o) = o**3 + 62*o**2 - 1388*o - 10926. What is n(-78)?
-6
Let m(x) = -x**3 - 933*x**2 + 1841*x - 27199. Determine m(-935).
-84
Let y(l) = -83*l**2 - 113508*l - 64253. What is y(-1367)?
-4
Let s(q) = q**3 - 41*q**2 - 148*q + 6957. Give s(41).
889
Let c(n) = 1430*n - 43931. Give c(31).
399
Let j(c) = c**3 + 165*c**2 + 227*c + 8729. What is j(-164)?
-1603
Let g(t) = -t**3 - 6*t**2 - 274379*t - 1920695. Calculate g(-7).
7
Let f(q) = 41*q**2 + 29298*q - 70986. Give f(-717).
-3
Let f(i) = 7*i**2 - 234*i + 1170. What is f(29)?
271
Le